4*x - 116 = 0, -3*p = x - 2*x - 67. Let j be (-2)/8 + (-578)/(-8). What is the greatest common factor of j and p?
24
Let c be 16*1*(-1)/(-2). Suppose -3*p - 2*p - 15 = 5*v, 18 = 4*p - 2*v. Calculate the greatest common divisor of c and p.
2
Let i be ((-4)/(-6))/((-6)/(-297)). Calculate the highest common factor of 3 and i.
3
Suppose 2*b = 55 + 19. Let k(z) = 16*z - 1. Let y be k(-1). Let d = y + b. What is the highest common divisor of d and 60?
20
Let i be (-2 + 14 + 1)*1. Let g = -5 + i. What is the highest common divisor of g and 40?
8
Suppose 3*c - c = -5*l + 198, l - 35 = -5*c. Calculate the greatest common divisor of 360 and l.
40
Let v(q) = q**3 + 4*q**2 + 3. Let r be v(-4). Suppose -r*z - 73 + 397 = 0. Suppose -3 = -a + 9. Calculate the highest common divisor of z and a.
12
Suppose 2*g - 500 = 2*j, -g + 3*j - 4*j = -256. What is the highest common divisor of g and 23?
23
Let c(z) = 8*z + 2. Let r be c(2). Let h = -131 - -158. What is the greatest common factor of r and h?
9
Suppose -13 = -z + 4*r, -8 = 5*r - 3*r. Let c(b) = -b + 3 - 2 - 2*b. Let h be c(z). Calculate the highest common divisor of h and 50.
10
Suppose 0*w - 4 = -w, 3*w = 3*b - 24. Calculate the greatest common divisor of b and 12.
12
Suppose -4*k + 2*d - 8 = -k, 55 = -5*k - 5*d. Let z be (-128)/k - (-3)/(-9). Calculate the greatest common factor of z and 105.
21
Let b be -7*((-40)/4 - 1). Calculate the greatest common divisor of 7 and b.
7
Let t be (-11)/(-2) + 1/(-2). Let i be -1 + 8 + -4 + 17. Calculate the highest common divisor of t and i.
5
Let y = 76 + -3. Let k = y + -45. What is the greatest common divisor of 308 and k?
28
Let z(r) = r**2 - 4*r + 6. Let c be z(5). Suppose -19*g + 10 = -24*g. Let o be 77/4*(2 - g). Calculate the greatest common factor of c and o.
11
Let z be 55/1*(-34)/(-85). What is the greatest common factor of z and 176?
22
Let a(c) = -c**2 + 20*c - 35. Let h be a(17). Calculate the highest common divisor of h and 16.
16
Let t(c) = c**3 + 5*c**2 - 5*c + 8. Let v be t(-6). Suppose 4*j + 5*f - 36 - 29 = 0, j = 5*f - 15. What is the greatest common factor of v and j?
2
Let f(p) = -p**3 - 5*p**2 - 6*p - 3. Let o be f(-4). Suppose o*c + 59 = 509. What is the greatest common factor of 10 and c?
10
Suppose -2*s + 44 = 3*g - 4*s, 3*g = -3*s + 54. Let v = 7 + -2. Suppose -2*z = v*r - 377, -6*z = -2*z + 4*r - 724. What is the highest common factor of g and z?
16
Let y(v) = -v**3 + 5*v**2 + 7*v - 1. Let p be y(5). Calculate the highest common factor of p and 51.
17
Let x(j) = 2*j - 2. Let n be x(-2). Let m be (-3)/n + (-47)/2. Let i = 9 - m. What is the highest common factor of i and 80?
16
Let j be (-1619)/(-7) - 12/42. Calculate the greatest common factor of 21 and j.
21
Let n = -19 + 12. Let l(m) = -m**2 - 12*m + 10. Let g be l(n). Let u = 11 + -2. What is the greatest common divisor of g and u?
9
Let h(x) = 6*x**3 + x**2 - 4*x + 4. Let j(d) = d**3 - d**2. Let s(w) = h(w) + j(w). Let n be s(2). Calculate the greatest common factor of 130 and n.
26
Suppose -128 = -3*h + z, 5*z + 6 - 70 = -h. Suppose -4*r = -g + 34, 3*r = g + r - h. Let c = g - 34. What is the greatest common factor of c and 8?
4
Let z(g) = g**3 - 5*g**2 - 7*g + 1. Let a be z(6). Let r = 11 - 23. Let o = a - r. What is the highest common divisor of 1 and o?
1
Suppose 0 = -4*v - 0 + 16. What is the highest common factor of 12 and v?
4
Suppose -58 - 2 = -12*n. What is the highest common divisor of n and 4?
1
Let m = -48 + 120. Let z(r) = r**3 + 32*r**2 + 9. Let f be z(-32). Calculate the greatest common factor of m and f.
9
Let k be (-9)/2 - 3/(-6). Let u be -32*(14/4 + k). Calculate the greatest common divisor of 32 and u.
16
Let q(a) = -2*a**3 + 25*a**2 - 5*a - 22. Let w be q(12). What is the greatest common divisor of w and 155?
31
Let v(z) = -z**3 + 7*z**2 + z - 29. Let b be v(6). Let j(p) = -116*p**3 + p**2 + p + 1. Let s be j(-1). Calculate the highest common divisor of s and b.
13
Suppose 27 = -3*j + 87. Calculate the greatest common divisor of 60 and j.
20
Let b be (1 - 0)/(-1) - -42. Suppose -5*u + 60 = -2*u. Let t = b - u. Calculate the greatest common divisor of 7 and t.
7
Suppose 5*z = 6*z - 4. Let n = 1 - 2. Let f = n - -3. What is the greatest common divisor of f and z?
2
Let s(q) = -19*q. Let k be s(-1). Let x(z) = 5*z**2 + 4*z - 4. Let n be x(-6). Calculate the highest common divisor of n and k.
19
Let j = 63 - 60. Calculate the highest common factor of j and 2.
1
Suppose m - 59 = 5*p, 2*m - 3*p + 0*p - 97 = 0. What is the highest common factor of 11 and m?
11
Suppose 0 = -4*d + 2*o - 30, d + 2*o + 6 = 4*o. Let s = 12 + -18. Let v be ((-44)/s)/(d/(-12)). Calculate the greatest common divisor of 55 and v.
11
Let l be 1/2 - (-35)/2. Suppose o - 5 = -h, 5*o = -3*h + 2 + 5. Calculate the greatest common divisor of l and h.
9
Let y be (12*1)/3 + -2. Suppose -2*w = a - y, 9*w = 4*w - 5*a - 5. Let p be w*7*(-2)/(-3). Calculate the greatest common divisor of 21 and p.
7
Let z be ((-4)/(-10))/(5/50). Let k(m) = 0 - 1 + z + m. Let q be k(-2). What is the highest common factor of 5 and q?
1
Let w(m) = 2*m**3 - 6*m**2 - 5*m - 4. Let c be w(5). Suppose c - 26 = 4*u + 5*i, -4*i = 5*u - 63. Calculate the greatest common factor of u and 60.
15
Let k be (-15 - 5)*(-18)/4. Calculate the greatest common factor of 10 and k.
10
Suppose -3*f + 6*f - 24 = 0. What is the highest common factor of 4 and f?
4
Let s = 5 - 6. Let a be s/2 - (-25)/2. Let o(u) = -133*u**3 - 2*u**2 - u. Let y be o(-1). Calculate the highest common factor of a and y.
12
Suppose 4*r = -4*o + 976, 3*r - 2*o - 280 = 472. What is the highest common divisor of 8 and r?
8
Let l(n) = n**2 + 2*n + 8. Let t be l(-2). Let z(m) = 6 + 6 - m**3 - 9*m + 5*m**2 + 4*m**2. Let g be z(t). What is the highest common divisor of g and 2?
2
Let j(m) = -m**2 + 8*m + 4. Let l = 11 - 6. Let u be j(l). Suppose 2*h - 507 = -3*d, 333 = -0*d + 2*d + 3*h. Calculate the greatest common divisor of u and d.
19
Let o = 8 + -4. Calculate the greatest common divisor of 10 and o.
2
Suppose 0 = 5*d - 2*a - 333, -4*a + a - 207 = -3*d. Calculate the greatest common divisor of 26 and d.
13
Let r(y) = -3*y - 6*y - 4*y - 14 + 4*y. Let k be r(-11). Calculate the greatest common factor of 34 and k.
17
Let w = 0 + -2. Let m = w + 3. Let x be (-2 + 1)*(-9 + m). What is the greatest common divisor of x and 40?
8
Let t(f) = 4*f**2 + 4*f - 4. Let o be t(-5). Suppose 0 = 4*v - 408 - o. Calculate the greatest common factor of v and 11.
11
Let b = -13 + 15. Suppose -132 = -2*k + 3*s, 0*s - b = s. Calculate the greatest common factor of 21 and k.
21
Let r(c) = -c**3 + 6*c**2 + 6*c + 8. Let t be r(7). Let h be (-147)/15 + 2/(-10). Let n = h - -17. Calculate the highest common factor of t and n.
1
Let q(c) = -c**2 - 8*c - 8. Let r be q(-6). Suppose v - 5*b = -3*b + r, -5*v + 5*b = -30. Calculate the highest common divisor of 12 and v.
4
Suppose -56 = 10*r - 12*r. What is the greatest common factor of 42 and r?
14
Let b = -4 + 12. Let g(c) = c - 3. Let o be g(b). What is the highest common divisor of o and 15?
5
Suppose 3*l = -4*h + 104, l + 0*h + h - 36 = 0. What is the highest common factor of l and 8?
8
Let z(l) = l**2 - 13*l + 14. Let u be z(14). Calculate the highest common factor of u and 42.
14
Let b be ((-2)/((-4)/(-5)) + 1)*-34. What is the highest common factor of 34 and b?
17
Let h(y) = -y**3 + 4*y**2 - 3*y + 4. Let t be h(4). Let d be 3/12 - 1582/t. What is the greatest common divisor of d and 22?
22
Let d = -10 - -16. Suppose -x = 0, -a + 2*x = -6*a - 615. Let s = -69 - a. Calculate the greatest common factor of s and d.
6
Let r(x) = x - 3. Let f be r(7). Suppose -o + 4*u = 2*o - 60, -63 = -3*o + 5*u. What is the highest common divisor of o and f?
4
Let g be -5*(-8)/(-20)*-9. Calculate the greatest common factor of g and 12.
6
Let f(b) = b**3 - 10*b**2 + 11*b - 4. Let w be f(9). Let v be 228/14 - w/49. What is the greatest common factor of 8 and v?
8
Let h be (44/(-55))/(4/(-630)). What is the greatest common divisor of 18 and h?
18
Suppose 4*n + 3*l = 3*n + 24, -l = 4*n - 118. What is the highest common divisor of n and 40?
10
Let g = 250 - 114. What is the greatest common factor of g and 17?
17
Let z be 1 + -3 - -3 - -1. What is the greatest common divisor of